ivisor of d and 17?
17
Suppose 0 = 5*b - 5*d - 70, -3*d = -0*b + b + 2. Suppose -4*r = -223 - 17. What is the highest common divisor of r and b?
10
Suppose 5*h = -1 - 9, -5*g = -3*h - 6. Suppose 0 = p - 2*m - 58, 2*p + g*p = -3*m + 102. Calculate the highest common factor of 135 and p.
27
Let k(d) = -2*d - 25. Let u be k(0). Let a = u + 88. Calculate the highest common divisor of a and 21.
21
Let q(s) = -4 + 2 - s + 7*s. Let h be q(2). What is the greatest common factor of h and 80?
10
Let l be (-182)/(-6) - 1/3. Suppose l = 2*m - 0*g + 2*g, 4*m = -3*g + 63. What is the greatest common factor of m and 198?
18
Let i = -49 - -237. Calculate the highest common factor of i and 47.
47
Suppose 0*m + 21 = 3*m. Suppose m = 4*d - 89. Calculate the greatest common factor of 36 and d.
12
Suppose 2*q - 8*q = -132. What is the highest common divisor of 66 and q?
22
Let s be 94/(-18) + 2/9. Let w = s - -5. Suppose a - 97 - 56 = w. What is the greatest common divisor of 17 and a?
17
Suppose 3*n + o - 18 = 0, 0 = -n - 4*o + 17 - 0. Suppose 4*g - n = 3*g. What is the greatest common divisor of 2 and g?
1
Let l = -43 + 66. Let o be 2*(-4 - -2) + -6. Let w = l + o. What is the highest common factor of w and 26?
13
Let c = 1 + -3. Let y = 7 + c. Suppose 5*w - 51 = y*q + 44, 3*q + 75 = 4*w. Calculate the greatest common divisor of w and 27.
9
Suppose g - 2*w = 21 + 39, -3*g = 5*w - 147. What is the highest common factor of 18 and g?
18
Let t(n) = -n**3 + 6*n**2 + 5*n + 7. Let y be t(7). Let v = 36 + y. What is the greatest common divisor of 116 and v?
29
Let s = 45 + -23. Suppose 3*k = 144 - 33. Suppose -o - 4 + k = 0. What is the greatest common divisor of s and o?
11
Let p(l) = -l**3 + 5*l**2 - 5*l - 2. Let x be p(4). Let i be x*(-3)/(-6) + 69. What is the highest common factor of 6 and i?
6
Suppose 3*r + 15 = 0, -7*k - 3*r = -4*k - 807. Let u = 94 + -91. Suppose -4*a + 1 = -u, -3*y + k = a. What is the highest common divisor of 13 and y?
13
Let y be 1/((0 + -1)/(-55)). Suppose 2*g - 5*i = y, 3*g - 4*g = i - 45. What is the highest common factor of 8 and g?
8
Let n(h) = -h**3 - 8*h**2 - 2*h - 11. Let f be n(-8). Suppose -3*m - 2*m + f = 0, 5*m + 80 = 5*c. Calculate the highest common factor of c and 68.
17
Let u = 256 + -168. What is the greatest common divisor of 11 and u?
11
Suppose -19 = -3*u - 2*g + 27, -3*u = -3*g - 51. Let c = 34 - 18. What is the highest common divisor of c and u?
16
Let c = -67 - -27. Let h be (2 + -5)/(6/c). Let t be (-56)/(-6) + (-2)/(-3). Calculate the highest common factor of t and h.
10
Let t(u) = 5*u**3 - 2*u**2 + 5*u - 6. Let q be t(5). Calculate the highest common divisor of q and 54.
54
Suppose -4*c + 2*i = -1938, -4*i = -12 - 0. Suppose c = 8*k - 5*k. What is the highest common factor of 18 and k?
18
Let m(s) = 24*s - 8. Let i be m(2). Let h be (-10)/5*(-4 + -1). Calculate the greatest common factor of h and i.
10
Suppose 3*t - 171 - 47 = 2*q, 359 = 5*t + q. Calculate the greatest common factor of 18 and t.
18
Let t(m) = -m**3 + 5*m**2 + 2*m - 2. Let p(f) = f**3 - f**2. Let a(b) = -2*p(b) - t(b). Let g be a(-2). Calculate the highest common factor of 1 and g.
1
Let g be 4/((-4)/11)*-1. Suppose -5*q = -g + 1. Calculate the greatest common divisor of q and 2.
2
Suppose 5*g - 78 = 2*g. Calculate the greatest common factor of 39 and g.
13
Let b be (1 - 1) + -5 + 6. Suppose 5*h + 4 = -b, 2*a = 2*h + 210. Calculate the highest common factor of 13 and a.
13
Let z be ((-14)/(-8) - 2) + 749/4. What is the greatest common factor of 17 and z?
17
Suppose 2*k + k = 2*d + 44, 5*d + 11 = 2*k. Let b = -15 + 33. What is the highest common divisor of k and b?
18
Let f be (-1)/(-3) - (-41)/3. Let r = -1 - -2. Let s be r/(-4) - 114/(-8). What is the highest common divisor of f and s?
14
Suppose -3*v + 57 = a + 3*a, -3*v - 27 = -3*a. Let n = 319 - 187. Calculate the greatest common factor of n and a.
12
Let w(b) = -20*b**3 - 2*b**2 - b + 1. Let h be w(-1). Let l(z) = 81*z - 2. Let k be l(2). What is the greatest common divisor of h and k?
20
Let m be 50/(-15)*(-6)/4. Calculate the highest common divisor of 35 and m.
5
Suppose -6*l + 3*l = -2*p, 3*l - 3 = p. What is the highest common divisor of 5 and l?
1
Suppose -5*d + 0*d + 2*m - 167 = 0, 0 = -2*d + 3*m - 58. Let v = -59 + d. Let z = -17 - v. Calculate the greatest common factor of 11 and z.
11
Let t be (-214)/(-4) - 30/(-12). Let l be 8/(-20) + 54/10. Let u = l + 9. What is the greatest common divisor of u and t?
14
Suppose 4*q + 58 = 294. Calculate the highest common factor of 59 and q.
59
Suppose 3*m - 5*m = 0. Suppose -d + 5*d + 8 = m, -5*l + 2*d + 139 = 0. Calculate the highest common factor of 9 and l.
9
Let w = 75 + -61. Let f be 2/(-7) - 149/(-7). Calculate the greatest common divisor of w and f.
7
Let o(g) = 2*g**2 + 2*g - 1. Let i be o(3). Calculate the highest common factor of i and 207.
23
Let u(g) = -2*g + 6. Let l be u(-2). What is the greatest common factor of 30 and l?
10
Let b(y) = -2*y**2 - 7*y + 6. Let r be b(5). Let d = -65 - 84. Let f = r - d. What is the greatest common divisor of f and 10?
10
Let m(h) = 8*h - 12. Let z be m(3). Calculate the highest common divisor of 8 and z.
4
Let w = -9 - -5. Let s = 40 + w. What is the greatest common divisor of s and 9?
9
Suppose 0 = 2*n - 3 + 1, -2*n = -3*l - 2. Suppose l = -2*b + g + 41, -4*b - 2*g = -6*g - 84. Calculate the greatest common factor of 50 and b.
10
Suppose 2*z + 0*z = -2*m + 62, 3*m = -5*z + 153. What is the greatest common factor of 210 and z?
30
Let l be (-2)/((5/2)/5). Let r(n) = 2*n**2 + 5*n + 2. Let i be r(l). What is the greatest common divisor of 28 and i?
14
Suppose -11 - 22 = -3*m. Calculate the highest common divisor of m and 33.
11
Let q = -41 + 75. Suppose 0 = -l + 77 + q. Suppose 5*w = 5, -4*i + 210 + l = w. What is the greatest common factor of 20 and i?
20
Suppose 5*r - 19 = -2*q, 2*r = r + 2*q - 1. Suppose 3*c + 0*f + f - 13 = 0, -3*c - 2*f = -8. Calculate the greatest common divisor of r and c.
3
Let y be (7/(-3))/((-3)/189). Suppose 2*i = 2*g - g + 93, 4*g + y = 3*i. Calculate the greatest common divisor of 5 and i.
5
Let m be 7/(1*-1)*-1. Let w(h) = -2*h - 8. Let r be w(-4). Suppose 6*g - g - 35 = r. Calculate the greatest common factor of g and m.
7
Let a be (-3)/15 + (-86)/(-5). Let x = 124 - 73. What is the greatest common divisor of x and a?
17
Let a(k) = 64*k + 1. Let v be a(1). Let m = v - 35. What is the highest common divisor of m and 12?
6
Let o = 35 + -23. Suppose 2*j - 3*j + 48 = 0. What is the highest common factor of o and j?
12
Let s = 4 - 2. Calculate the highest common divisor of 18 and s.
2
Let z(w) = -2*w**3 + 4*w**2 - w + 1. Let a be z(3). Let j = a + 36. Let l = 396 - 268. What is the greatest common factor of j and l?
16
Let v be -3 + (0 - -3) + 4. Calculate the highest common factor of 20 and v.
4
Let q = -2 - -4. Let z(m) = 0*m + 18*m**2 + q*m + 1 + 1. Let g be z(-2). What is the highest common divisor of 14 and g?
14
Let d be (-168)/(-70)*(-20)/(-6). Let k = 1 - -23. What is the greatest common factor of k and d?
8
Suppose 3*u - 27 = 15. Calculate the highest common factor of u and 21.
7
Suppose 43 = 5*p - 4*q, 0*p = -3*p + 4*q + 29. Let a(i) = i**2 - 4*i - 10. Let f be a(p). Calculate the highest common factor of f and 11.
11
Let k(t) = -t**3 - 12*t**2 + 2*t + 10. Let l be k(-12). Let d(s) = -38*s**2 - s. Let x be d(1). Let q = l - x. What is the greatest common divisor of 5 and q?
5
Let y be (-150)/(-36) + (-2)/12. Let i(m) = 11*m + 4. Let j be i(y). What is the greatest common divisor of j and 12?
12
Let q(g) = -g**2 + 7*g + 2. Let h be q(5). Suppose 0 + h = b. Calculate the highest common factor of 60 and b.
12
Let q(j) = 7*j - 3. Let f be q(3). Let d be 5284/(-28) + (-2)/7. Let o be ((-44)/(-6))/((-7)/d). What is the highest common divisor of o and f?
18
Suppose -5*h + 523 + 112 = 0. Let q = -72 + h. What is the greatest common factor of 22 and q?
11
Let g(r) = 24*r**2 + 4. Let z be g(-2). Suppose -21 + 6 = -3*s. Suppose -45 = -s*x + 5. Calculate the highest common divisor of x and z.
10
Let o be ((-12)/(-10))/3 - (-266)/35. Calculate the greatest common divisor of o and 16.
8
Let m(h) = -64*h**3 - 2*h**2 - 2*h - 1. Let y be ((-2)/3)/((-2)/(-3)). Let c be m(y). Suppos